 of 552733948.
2, 13, 59, 180161
List the prime factors of 259990572.
2, 3, 181, 119701
List the prime factors of 49302801.
3, 347, 15787
List the prime factors of 385725647.
5569, 69263
What are the prime factors of 1833007327?
191, 9596897
List the prime factors of 71892549.
3, 23, 115769
List the prime factors of 76683360.
2, 3, 5, 13, 12289
What are the prime factors of 59025009?
3, 149, 132047
What are the prime factors of 3127407237?
3, 347489693
What are the prime factors of 117959276?
2, 29489819
What are the prime factors of 62320258?
2, 7, 11, 13, 4447
What are the prime factors of 109029030?
2, 3, 5, 11, 19, 17389
What are the prime factors of 116697471?
3, 11, 109, 32443
List the prime factors of 119336789.
11, 13, 834523
List the prime factors of 54457528.
2, 17, 179, 2237
What are the prime factors of 1218525331?
227, 1583, 3391
What are the prime factors of 4399865801?
389, 11310709
List the prime factors of 37978881.
3, 89, 103, 1381
List the prime factors of 6855523.
19, 360817
What are the prime factors of 2629150898?
2, 11, 10321, 11579
List the prime factors of 1884791307.
3, 7, 73, 83, 14813
List the prime factors of 1573652006.
2, 786826003
What are the prime factors of 897547005?
3, 5, 19945489
List the prime factors of 18486768.
2, 3, 385141
What are the prime factors of 688543276?
2, 9781, 17599
What are the prime factors of 27644350?
2, 5, 552887
List the prime factors of 5368582187.
157, 34194791
List the prime factors of 749196210.
2, 3, 5, 7, 3567601
List the prime factors of 71591035.
5, 14318207
List the prime factors of 224573317.
224573317
List the prime factors of 532127396.
2, 113, 523, 2251
List the prime factors of 2794269.
3, 43, 21661
What are the prime factors of 120040261?
11, 139, 78509
What are the prime factors of 342609942?
2, 3, 17, 199, 16879
List the prime factors of 202604428.
2, 13, 3896239
List the prime factors of 37092405.
3, 5, 7, 457, 773
What are the prime factors of 5705165661?
3, 13, 146286299
What are the prime factors of 74209324?
2, 7, 378619
List the prime factors of 517546261.
157, 3296473
List the prime factors of 6671334513.
3, 2223778171
List the prime factors of 44693147.
29, 1541143
List the prime factors of 81137840.
2, 5, 7, 144889
List the prime factors of 104195403.
3, 13, 53, 1867
What are the prime factors of 48288912?
2, 3, 7, 419
List the prime factors of 100264643.
100264643
What are the prime factors of 4129734745?
5, 97, 2239, 3803
What are the prime factors of 3236416837?
17, 190377461
What are the prime factors of 2807932521?
3, 6833, 136979
List the prime factors of 32117836.
2, 271, 29629
What are the prime factors of 7755211628?
2, 1938802907
List the prime factors of 29858304.
2, 3, 7, 2777
What are the prime factors of 498868231?
1759, 283609
What are the prime factors of 3172359874?
2, 191, 8304607
What are the prime factors of 342420319?
239, 919, 1559
What are the prime factors of 41478292?
2, 19, 23, 61, 389
What are the prime factors of 1732600635?
3, 5, 1361, 84869
List the prime factors of 99614454.
2, 3, 19, 53, 16487
List the prime factors of 1868202350.
2, 5, 7, 5337721
What are the prime factors of 237736251?
3, 197, 134087
List the prime factors of 1031784397.
7, 147397771
List the prime factors of 1948500357.
3, 71, 9147889
List the prime factors of 635571979.
7, 17, 314173
List the prime factors of 21753709.
2521, 8629
List the prime factors of 100082516.
2, 101, 247729
List the prime factors of 17975433.
3, 7, 479, 1787
List the prime factors of 1176475716.
2, 3, 13, 233, 10789
List the prime factors of 445939488.
2, 3, 1548401
What are the prime factors of 194582808?
2, 3, 7, 29, 13313
What are the prime factors of 230931589?
7, 32990227
What are the prime factors of 229323084?
2, 3, 19, 52937
List the prime factors of 1581161322.
2, 3, 13, 20271299
What are the prime factors of 397854373?
7, 8119477
What are the prime factors of 13154677?
1447, 9091
What are the prime factors of 15466210?
2, 5, 31, 49891
What are the prime factors of 7470013?
127, 131, 449
What are the prime factors of 232945298?
2, 241, 483289
List the prime factors of 8969246.
2, 11, 13, 2851
List the prime factors of 767831598.
2, 3, 167, 179, 1427
List the prime factors of 22452326.
2, 13, 181, 367
What are the prime factors of 188963514?
2, 3, 37, 151, 1879
What are the prime factors of 4583219033?
12373, 370421
What are the prime factors of 225128492?
2, 19, 617, 4801
What are the prime factors of 252151753?
7, 67, 537637
What are the prime factors of 63758508?
2, 3, 11, 43, 47, 239
List the prime factors of 1537094467.
1537094467
List the prime factors of 416633634.
2, 3, 19, 601, 2027
What are the prime factors of 117746617?
37, 3182341
List the prime factors of 238303520.
2, 5, 7, 13, 1259
What are the prime factors of 489303502?
2, 97, 457, 5519
What are the prime factors of 511412729?
9187, 55667
List the prime factors of 71472381.
3, 4513, 5279
List the prime factors of 1974860908.
2, 29, 107, 1487
What are the prime factors of 25526079?
3, 977, 2903
What are the prime factors of 18128606?
2, 9064303
What are the prime factors of 1125719312?
2, 70357457
List the prime factors of 472711813.
7, 683, 98873
What are the prime factors of 205916890?
2, 5, 20591689
List the prime factors of 162277860.
2, 3, 5, 19, 283, 503
List the prime factors of 5305731094.
2, 5569, 476363
What are the prime factors of 3647524092?
2, 3, 23, 613, 21559
What are the prime factors of 1880678139?
3, 626892713
What are the prime factors of 43253368?
2, 5406671
List the prime factors of 289403453.
289403453
List the prime factors of 130007656.
2, 16250957
List the prime factors of 1233859617.
3, 41, 109, 30677
List the prime factors of 1223084690.
2, 5, 43, 857, 3319
List the prime factors of 1289613129.
3, 7, 43, 1428143
What are the prime factors of 625370856?
2, 3, 11, 2368829
What are the prime factors of 700609053?
3, 617, 378503
List the prime factors of 597364934.
2, 233, 1281899
What are the prime factors of 502735218?
2, 3, 47, 307, 5807
List the prime factors of 56929998.
2, 3, 1093, 8681
List the prime factors of 72166666.
2, 11, 13, 17, 14843
What are the prime factors of 7863218844?
2, 3, 13, 50405249
List the prime factors of 1425355889.
19, 75018731
What are the prime factors of 51413271?
3, 7, 13, 83, 2269
List the prime factors of 3770915770.
2, 5, 12911, 29207
What are the prime factors of 405704999?
7, 139, 416963
List the prime factors of 1945403.
1945403
List the prime factors of 412064684.
2, 103, 617, 1621
List the prime factors of 4204149915.
3, 5, 7, 769, 52067
What are the prime factors of 3986396161?
11, 5387, 67273
What are the prime factors of 12750341?
101, 126241
List the prime factors of 200541930.
2, 3, 5, 53, 126127
What are the prime factors of 959778081?
3, 607, 175687
What are the prime factors of 38907541?
281, 138461
List the prime factors of 145574515.
5, 29114903
List the prime factors of 1278847699.
1278847699
What are the prime factors of 945661629?
3, 11, 23, 503, 2477
List the prime factors of 16004986.
2, 8002493
What are the prime factors of 75310650?
2, 3, 5, 101, 1657
List the prime factors of 2872679759.
31, 353, 262513
List the prime factors of 5940018334.
2, 10079, 294673
List the prime factors of 7881480825.
3, 5, 105086411
What are the prime factors of 57385058?
2, 3491, 8219
What are the prime factors of 158433464?
2, 7, 404167
List the prime factors of 786675134.
2, 7, 56191081
What are the prime factors of 4090785327?
3, 17, 29, 31, 29741
What are the prime factors of 6926720513?
54713, 126601
List the prime factors of 493037240.
2, 5, 12325931
List the prime factors of 2446614332.
2, 1427, 428629
List the prime factors of 83179570.
2, 5, 41, 202877
List the prime factors of 732179283.
3, 11, 67, 331153
What are the prime factors of 650406762?
2, 3, 251, 359, 401
List the prime factors of 45560748.
2, 3, 17, 223337
List the prime factors of 1539193523.
7, 829, 265241
List the prime factors of 19590369.
3, 1237, 5279
List the prime factors of 26267906.
2, 7, 401, 4679
What are the prime factors of 78730771?
7, 23, 489011
List the prime factors of 69814931.
69814931
List the prime factors of 336459307.
619, 543553
What are the prim